se 16, what is ea + 0?
ea
In base 14, what is -dd + 9?
-d4
In base 3, what is -1121 + 1?
-1120
In base 3, what is -11 + -100110?
-100121
In base 14, what is -c2 - c?
-d0
In base 16, what is 0 - -ee?
ee
In base 6, what is -4 + 1550?
1542
In base 15, what is 4 + -14e9?
-14e5
In base 2, what is 100 - -10101001?
10101101
In base 10, what is -3591 - 4?
-3595
In base 9, what is 12875 + -5?
12870
In base 7, what is -155 + -5?
-163
In base 12, what is -11 - -7?
-6
In base 6, what is -2 - 2245?
-2251
In base 6, what is 102355 - 3?
102352
In base 6, what is -15 + -251?
-310
In base 12, what is -22 - 4?
-26
In base 2, what is -11111 + -10010?
-110001
In base 13, what is 2 + -5a?
-58
In base 16, what is 2 + -95?
-93
In base 12, what is -5 + 234?
22b
In base 15, what is 5 - -618?
61d
In base 5, what is 244 - -3?
302
In base 9, what is 3 + 1324?
1327
In base 12, what is 0 + -424?
-424
In base 10, what is 222 - -5?
227
In base 5, what is 0 + -310?
-310
In base 7, what is -214 + -1?
-215
In base 2, what is 10 - 10010000?
-10001110
In base 15, what is -5 + 16?
11
In base 6, what is 4 - 2515?
-2511
In base 6, what is 1223 - -4?
1231
In base 11, what is a287 - -1?
a288
In base 9, what is -1546 - 2?
-1548
In base 10, what is -5 + -2861?
-2866
In base 3, what is -21112 + -200?
-22012
In base 13, what is -2 - 2c?
-31
In base 8, what is -5 + 345?
340
In base 5, what is -1002 - -3?
-444
In base 15, what is 3 + -d2?
-ce
In base 6, what is -13 - -5?
-4
In base 3, what is 121212 + 12?
122001
In base 5, what is 1312 + -12?
1300
In base 13, what is 1a - -79?
96
In base 5, what is -110 - 34?
-144
In base 7, what is -2 + 56?
54
In base 6, what is -15050 - 4?
-15054
In base 3, what is -12 + 10000?
2211
In base 12, what is 1 + -5b?
-5a
In base 15, what is 24 + -d?
16
In base 5, what is 12 + -113?
-101
In base 9, what is 1 + 1?
2
In base 5, what is 1001 + -2?
444
In base 13, what is -44 + 98?
54
In base 8, what is -2 - -167?
165
In base 3, what is -101221 + 1?
-101220
In base 15, what is -1e8 + -12?
-20a
In base 15, what is 1a3 - -16?
1b9
In base 8, what is 70354 - 5?
70347
In base 13, what is 6 + -206?
-200
In base 10, what is 1 + 1?
2
In base 15, what is 501 + -3?
4ed
In base 3, what is 10 - 1001?
-221
In base 11, what is 18 - -24?
41
In base 11, what is 105 - -9?
113
In base 6, what is 10553 - 3?
10550
In base 6, what is -130 + -40?
-210
In base 16, what is 6a - -c?
76
In base 8, what is -10 - 55?
-65
In base 6, what is 34 + 1041?
1115
In base 14, what is -15 - -3?
-12
In base 12, what is 9 + 10?
19
In base 2, what is -11110111101011 + 0?
-11110111101011
In base 8, what is -376 - 1?
-377
In base 13, what is -520 + -5?
-525
In base 2, what is -10011 + -11010001?
-11100100
In base 4, what is 0 - -200?
200
In base 11, what is 61 + -13?
49
In base 3, what is -201 + 112122?
111221
In base 12, what is -7 + -1a9?
-1b4
In base 6, what is 2 - 412?
-410
In base 11, what is 737 - 5?
732
In base 13, what is -17 - 103?
-11a
In base 7, what is -554 - -5?
-546
In base 10, what is -16 - -21?
5
In base 15, what is -1 + 3c?
3b
In base 12, what is -102 - 4?
-106
In base 9, what is -143 - 0?
-143
In base 8, what is -2 + 2662?
2660
In base 12, what is 2 + 77?
79
In base 6, what is 0 + -314?
-314
In base 15, what is -457 - 9?
-461
In base 3, what is 22102 + -10?
22022
In base 5, what is 12412 - 10?
12402
In base 12, what is 2 + -288?
-286
In base 13, what is -742 - 6?
-748
In base 3, what is 102 + -2011012?
-2010210
In base 3, what is 1 - -122002?
122010
In base 12, what is 51 - 4?
49
In base 2, what is -11 + -1?
-100
In base 9, what is -15 - 117?
-133
In base 9, what is -2 - 117?
-120
In base 15, what is 3 + 2a1?
2a4
In base 7, what is 30624 - 0?
30624
In base 3, what is 10010 + -11?
2222
In base 2, what is 1011100000110 + 0?
1011100000110
In base 2, what is 111010 + -10000?
101010
In base 12, what is 1 + 4?
5
In base 2, what is -10 + -11101111?
-11110001
In base 13, what is -181 - 5?
-186
In base 12, what is -87 + 5?
-82
In base 14, what is d7 - 0?
d7
In base 9, what is 0 + -40?
-40
In base 6, what is 0 + 11125?
11125
In base 11, what is 10 + -224?
-214
In base 13, what is 6 - 1119?
-1113
In base 10, what is 6458 + -4?
6454
In base 15, what is -1 + 5?
4
In base 2, what is -1111111 + 101?
-1111010
In base 3, what is -202 - 0?
-202
In base 4, what is -3 + 102230?
102221
In base 3, what is 1021200 - 12?
1021111
In base 7, what is 50 + -1115?
-1035
In base 10, what is 8 + 25?
33
In base 14, what is -2c6 + 5?
-2c1
In base 9, what is 40 + 2?
42
In base 11, what is -616 + -2?
-618
In base 4, what is 130110 - 0?
130110
In base 9, what is 371 + 41?
422
In base 4, what is -11 - -130132?
130121
In base 7, what is 364 - -46?
443
In base 5, what is 31 + -31?
0
In base 7, what is 12 - 2602?
-2560
In base 3, what is 10 - -22100?
22110
In base 5, what is -10101 - 2?
-10103
In base 4, what is 201023 + 11?
201100
In base 8, what is 2411 - -5?
2416
In base 7, what is 55505 - -2?
55510
In base 16, what is -8 + f?
7
In base 11, what is 2 - 80?
-79
In base 7, what is -1 + -104?
-105
In base 12, what is -299 - 6?
-2a3
In base 3, what is -111211200 - -10?
-111211120
In base 5, what is -141 + -20?
-211
In base 15, what is -13e - -1?
-13d
In base 11, what is -18a83 + -1?
-18a84
In base 4, what is -103301 + -10?
-103311
In base 14, what is -41 - 2?
-43
In base 12, what is -5ab2 + 5?
-5aa9
In base 11, what is 4 - 1872?
-1869
In base 14, what is -5 - 1a8?
-1ad
In base 3, what is 21000 + 10?
21010
In base 12, what is 174b + 2?
1751
In base 7, what is 4 - -3356?
3363
In base 13, what is -70 + 12?
-5b
In base 7, what is -3 - 310?
-313
In base 12, what is -7 + 108?
101
In base 6, what is 20 - 31?
-11
In base 5, what is 21 - -43?
114
In base 6, what is -5 - 523?
-532
In base 6, what is 10 + -11551?
-11541
In base 7, what is -3 + 1104?
1101
In base 11, what is -4 - -18?
14
In base 10, what is -99 - 0?
-99
In base 12, what is 6b4 - 5?
6ab
In base 14, what is 1 + -52?
-51
In base 15, what is -5 - -476?
471
In base 8, what is -46 - -43?
-3
In base 9, what is 231 + 8?
240
In base 11, what is 48 - 81?
-34
In base 10, what is 0 + 56?
56
In base 10, what is 3 + 21?
24
In base 8, what is 514 - -5?
521
In base 11, what is -5 + -12a?
-134
In base 4, what is 1113 - -23?
1202
In base 8, what is 32 - -541?
573
In base 15, what is 1d - -11d?
13b
In base 6, what is 10 - 35?
-25
In base 10, what is 2956 + -5?
2951
In base 7, what is 4 - -43?
50
In base 12, what is 0 - 19?
-19
In base 15, what is -3 - 1d?
-21
In base 6, what is -15120 - -3?
-15113
In base 12, what is 6 + -3b3?
-3a9
In base 5, what is -4 + -4044?
-4103
In base 7, what is 231 - -65?
326
In base 6, what is -2 - -140?
134
In base 4, what is 102102 - -10?
102112
In base 3, what is 200120 + 101?
200221
In base 10, what is 2 + -27?
-25
In base 15, what is -9 - -3?
-6
In base 2, what is 1101 - -1101?
11010
In base 9, what is -477 + -15?
-503
In base 2, what is 10011 - 10?
10001
In base 11, what is -2a5 + -4?
-2a9
In base 11, what is -493 + -3?
-496
In base 6, what is 100 + 35?
135
In base 4, what is 1 - 202?
-201
In base 3, what is -10 + -1011100?
-1011110
In base 9, what is -53 - 103?
-156
In base 16, what is -1 - 4?
-5
In base 14, what is 41 + -1b?
24
In base 5, what is -2 + 141?
134
In base 2, what is -1 + 1011011010?
1011011001
In base 4, what is -321 + -330?
-1311
In base 6, what is -1010 - -3?
-1003
In base 9, what is -1732 - 1?
-1733
In base 8, what is -1 - -251?
250
In base 3, what is -12 + -101?
-120
In base 10, what is -2658 + -1?
-2659
In base 8, what is -2 + 24?
22
In base 7, what is -36 + -2?
-41
In base 6, what is 0 + -503?
-503
In base 14, what is -6 - -c?
6
In base 16, what is 8 + cb?
d3
In base 9, what is 455 + 4?
460
In base 5, what is 12 + 3130?
3142
In base 4, what is -12 + -1033310?
-1033322
In base 16, what is -3 + 1?
-2
In base 3, what is -2101 - 10?
-2111
In base 4, what is -1012 + 1010?
-2
In base 13, what is 4 - 73?
-6c
In base 15, what is 20a - -26?
231
In base 13, what is -2 - 1cb?
-200
In base 3, what is -10 - -200?
120
In base 2, what is 10110 - 100110?
-10000
In base 10, what is 2069 - 4?
2065
In base 11, what is -32 + -6?
-38
In base 12, what is 3 + -391?
-38a
In base 14, what is 235 - -4?
239
In base 4, what is 23 + 1031?
1120
In base 9, what is 14